git of 20842?
4
What is the hundreds digit of 5150?
1
What is the tens digit of 7914?
1
What is the units digit of 1404?
4
What is the tens digit of 411?
1
What is the thousands digit of 17401?
7
What is the tens digit of 1439?
3
What is the units digit of 10341?
1
What is the hundreds digit of 859?
8
What is the hundreds digit of 242?
2
What is the thousands digit of 85450?
5
What is the thousands digit of 2108?
2
What is the units digit of 11?
1
What is the thousands digit of 2179?
2
What is the hundreds digit of 749?
7
What is the thousands digit of 2617?
2
What is the thousands digit of 8791?
8
What is the units digit of 90?
0
What is the ten thousands digit of 21605?
2
What is the ten thousands digit of 75588?
7
What is the units digit of 5770?
0
What is the units digit of 240?
0
What is the units digit of 12864?
4
What is the tens digit of 1117?
1
What is the tens digit of 5305?
0
What is the units digit of 2139?
9
What is the tens digit of 59045?
4
What is the units digit of 409?
9
What is the units digit of 830?
0
What is the units digit of 3821?
1
What is the tens digit of 1904?
0
What is the tens digit of 3162?
6
What is the thousands digit of 31915?
1
What is the units digit of 4228?
8
What is the hundreds digit of 197?
1
What is the units digit of 71?
1
What is the tens digit of 12819?
1
What is the units digit of 2241?
1
What is the thousands digit of 2017?
2
What is the tens digit of 1575?
7
What is the ten thousands digit of 17914?
1
What is the units digit of 1173?
3
What is the ten thousands digit of 46812?
4
What is the hundreds digit of 4488?
4
What is the thousands digit of 4928?
4
What is the hundreds digit of 25870?
8
What is the units digit of 600?
0
What is the ten thousands digit of 22262?
2
What is the units digit of 1693?
3
What is the tens digit of 12377?
7
What is the tens digit of 2638?
3
What is the tens digit of 7912?
1
What is the ten thousands digit of 15084?
1
What is the tens digit of 2135?
3
What is the tens digit of 244?
4
What is the hundreds digit of 1525?
5
What is the tens digit of 21746?
4
What is the hundreds digit of 1040?
0
What is the units digit of 827?
7
What is the tens digit of 507?
0
What is the units digit of 401?
1
What is the tens digit of 803?
0
What is the tens digit of 814?
1
What is the units digit of 165?
5
What is the hundreds digit of 2808?
8
What is the thousands digit of 3365?
3
What is the units digit of 2903?
3
What is the tens digit of 56056?
5
What is the thousands digit of 2228?
2
What is the units digit of 104731?
1
What is the units digit of 45859?
9
What is the tens digit of 540?
4
What is the thousands digit of 19094?
9
What is the tens digit of 11228?
2
What is the hundreds digit of 49623?
6
What is the hundreds digit of 1465?
4
What is the thousands digit of 71117?
1
What is the units digit of 4398?
8
What is the hundreds digit of 370?
3
What is the tens digit of 10958?
5
What is the tens digit of 2132?
3
What is the thousands digit of 63202?
3
What is the tens digit of 66311?
1
What is the thousands digit of 2226?
2
What is the thousands digit of 3957?
3
What is the hundreds digit of 29327?
3
What is the tens digit of 10765?
6
What is the thousands digit of 1849?
1
What is the hundreds digit of 14826?
8
What is the ten thousands digit of 10514?
1
What is the hundreds digit of 7407?
4
What is the tens digit of 68448?
4
What is the ten thousands digit of 21236?
2
What is the ten thousands digit of 59921?
5
What is the units digit of 978?
8
What is the units digit of 125834?
4
What is the hundreds digit of 4409?
4
What is the units digit of 21568?
8
What is the tens digit of 66314?
1
What is the units digit of 1511?
1
What is the ten thousands digit of 22710?
2
What is the tens digit of 752?
5
What is the hundred thousands digit of 102325?
1
What is the tens digit of 7560?
6
What is the thousands digit of 2113?
2
What is the tens digit of 18467?
6
What is the units digit of 116?
6
What is the units digit of 18809?
9
What is the hundreds digit of 835?
8
What is the units digit of 124935?
5
What is the ten thousands digit of 74899?
7
What is the units digit of 3801?
1
What is the hundreds digit of 511?
5
What is the thousands digit of 2554?
2
What is the thousands digit of 56145?
6
What is the tens digit of 2218?
1
What is the hundreds digit of 423?
4
What is the hundreds digit of 34712?
7
What is the tens digit of 5978?
7
What is the hundreds digit of 48507?
5
What is the hundreds digit of 3625?
6
What is the tens digit of 405?
0
What is the tens digit of 6540?
4
What is the tens digit of 451?
5
What is the units digit of 368?
8
What is the units digit of 1690?
0
What is the tens digit of 3319?
1
What is the ten thousands digit of 24371?
2
What is the hundreds digit of 7703?
7
What is the hundreds digit of 14396?
3
What is the tens digit of 17?
1
What is the units digit of 14646?
6
What is the hundreds digit of 675?
6
What is the units digit of 52846?
6
What is the units digit of 19728?
8
What is the hundreds digit of 18692?
6
What is the hundreds digit of 5729?
7
What is the units digit of 13811?
1
What is the units digit of 13148?
8
What is the hundreds digit of 15019?
0
What is the tens digit of 29328?
2
What is the units digit of 4652?
2
What is the units digit of 82370?
0
What is the tens digit of 22?
2
What is the ten thousands digit of 25894?
2
What is the units digit of 287?
7
What is the units digit of 59297?
7
What is the tens digit of 10310?
1
What is the units digit of 1695?
5
What is the tens digit of 894?
9
What is the thousands digit of 1143?
1
What is the tens digit of 1043?
4
What is the tens digit of 55345?
4
What is the thousands digit of 1909?
1
What is the tens digit of 1024?
2
What is the hundreds digit of 1348?
3
What is the hundreds digit of 2007?
0
What is the hundreds digit of 20900?
9
What is the units digit of 2?
2
What is the hundreds digit of 11288?
2
What is the hundreds digit of 7271?
2
What is the units digit of 11644?
4
What is the hundreds digit of 1134?
1
What is the ten thousands digit of 80179?
8
What is the tens digit of 44892?
9
What is the thousands digit of 4356?
4
What is the ten thousands digit of 22497?
2
What is the hundreds digit of 634?
6
What is the units digit of 568?
8
What is the hundreds digit of 1716?
7
What is the tens digit of 4784?
8
What is the units digit of 54737?
7
What is the tens digit of 898?
9
What is the units digit of 38374?
4
What is the thousands digit of 1942?
1
What is the thousands digit of 4261?
4
What is the tens digit of 6268?
6
What is the hundreds digit of 4264?
2
What is the units digit of 86529?
9
What is the hundreds digit of 58370?
3
What is the hundreds digit of 46299?
2
What is the thousands digit of 123761?
3
What is the hundreds digit of 7608?
6
What is the units digit of 431?
1
What is the tens digit of 1807?
0
What is the tens digit of 559?
5
What is the tens digit of 283?
8
What is the units digit of 11?
1
What is the hundreds digit of 1947?
9
What is the units digit of 1218?
8
What is the thousands digit of 10693?
0
What is the thousands digit of 5225?
5
What is the tens digit of 571?
7
What is the tens digit of 4974?
7
What is the hundreds digit of 1450?
4
What is the units digit of 3878?
8
What is the tens digit of 7703?
0
What is the hundreds digit of 1059?
0
What is the thousands digit of 2898?
2
What is the units digit of 172?
2
What is the units digit of 8552?
2
What is the thousands digit of 107506?
7
What is the thousands digit of 2546?
2
What is the tens digit of 2425?
2
What is the hundreds digit of 817?
8
What is the thousands digit of 2531?
2
What is the tens digit of 3158?
5
What is the tens digit of 864?
6
What is the tens digit of 9110?
1
What is the thousands digit of 13761?
3
What is the ten thousands digit of 43665?
4
What is the thousands digit of 103016?
3
What is the ten thousands digit of 36421?
3
What is the hundreds digit of 22008?
0
What is the units digit of 1619?
9
What is the hundreds digit of 326?
3
What is the tens digit of 38362?
6
What is the units digit of 46578?
8
What is the tens digit of 14006?
0
What is the units digit of 5630?
0
What is the hundred thousands digit of 139188?
1
What is the units digit of 2552?
2
What is the hundreds digit of 29